32. What is l(-146)?
38
Let x(f) = 347*f**2 + 77032*f - 443. Determine x(-222).
1
Let v(d) = 14*d**2 + 1378*d + 7064. Calculate v(-93).
-4
Let n(x) = 141*x + 4999. Calculate n(-40).
-641
Let k(z) = 33513*z - 1675635. Give k(50).
15
Let u(y) = 3*y**2 - 412*y - 25402. Calculate u(-46).
-102
Let i(k) = 10664*k - 117309. Give i(11).
-5
Let n(f) = -f**2 - 1124*f + 358199. Give n(259).
2
Let c(b) = 5*b**3 + 383*b**2 - 576*b - 1594. Determine c(-78).
746
Let d(a) = 2586*a - 3004936. Determine d(1162).
-4
Let m(y) = -y**3 + 229*y**2 + 13624*y - 21. Give m(-49).
-119
Let f(m) = -3*m**2 - 2800*m - 164498. Determine f(-63).
-5
Let l(g) = -1584*g - 6248. Give l(-4).
88
Let h(g) = -10702*g - 246021. What is h(-23)?
125
Let r(q) = 3640*q - 8450. Determine r(3).
2470
Let c(p) = -5*p**3 - 35*p**2 - 99*p - 14. Give c(-6).
400
Let i(d) = -112*d**2 + 14111*d + 25. What is i(126)?
-101
Let f(n) = 4*n**2 - 76*n - 2881. Give f(-19).
7
Let u(t) = -559*t - 3379. What is u(-6)?
-25
Let a(r) = -7*r**3 - 84*r**2 - 112*r - 29. Calculate a(-1).
6
Let l(n) = -n**3 - 11*n**2 - 120*n - 2574. What is l(-15)?
126
Let f(y) = y**3 - 133*y**2 - 690*y + 102. Calculate f(138).
102
Let w(n) = 2*n**3 + 3126*n**2 + 6219*n - 39033. Give w(-1561).
-8
Let v(z) = -2755*z - 5259. Give v(-2).
251
Let u(o) = 1681*o + 13467. What is u(-8)?
19
Let o(x) = -2846*x - 116541. Give o(-41).
145
Let a(f) = f**2 + 1261*f + 13895. Determine a(-11).
145
Let a(n) = -177698*n + 2665470. What is a(15)?
0
Let r(n) = 11*n**3 - 76*n**2 + 44*n - 137. Calculate r(4).
-473
Let o(r) = -r**3 + 15*r**2 + 8*r - 643. Determine o(12).
-115
Let g(k) = -k**2 - 1193*k + 63631. What is g(51)?
187
Let h(l) = -1834*l - 18332. What is h(-10)?
8
Let z(d) = 6071*d + 24272. What is z(-4)?
-12
Let r(w) = 1597*w**3 - 22358*w**2 + 9*w - 101. Calculate r(14).
25
Let z(a) = -2*a**3 + 505*a**2 + 88912*a - 1494. Give z(372).
-6
Let w(h) = h**3 + 275*h**2 - 1973*h + 260. What is w(-282)?
-22
Let f(z) = -74641*z + 74587. What is f(1)?
-54
Let b(f) = -192*f**2 + 304*f + 157. What is b(2)?
-3
Let h(q) = 41*q**2 - 3266*q - 186. Calculate h(79).
-2319
Let u(l) = -4*l**3 - 4736*l**2 - 4788*l - 53. What is u(-1)?
3
Let u(l) = l**2 - 4825*l + 67367. Calculate u(14).
13
Let b(l) = -14420*l + 115395. Give b(8).
35
Let z(x) = -3596*x + 28806. Calculate z(8).
38
Let i(w) = -8*w**2 - 739*w + 5497. What is i(7)?
-68
Let o(z) = -z**2 + 5693*z - 220497. Give o(39).
9
Let s(q) = -2*q**3 + 76*q**2 + 99*q - 962. What is s(39)?
-143
Let w(l) = -64*l**2 - 1871*l + 10364. Determine w(-34).
-6
Let r(w) = -w**2 + 237*w - 4372. Calculate r(14).
-1250
Let f(v) = -639*v - 1889. Calculate f(-4).
667
Let r(t) = -13*t**2 + 7704*t - 46183. What is r(6)?
-427
Let x(y) = -9*y**3 + 659*y**2 - 147*y + 281. What is x(73)?
208
Let v(d) = -64321*d - 128663. Calculate v(-2).
-21
Let y(j) = 5*j**3 + 4*j**2 + 561*j - 4484. Determine y(8).
2820
Let w(i) = 47925*i + 4025636. Give w(-84).
-64
Let w(o) = 1212*o**3 + 3638*o**2 + 16*o + 20. Give w(-3).
-10
Let d(k) = 12*k**2 - 1785*k + 56038. Determine d(45).
13
Let u(t) = 2*t**2 - 88*t - 22380. Determine u(134).
1740
Let t(z) = -10333*z + 8938046. Determine t(865).
1
Let c(s) = -6*s**2 - 292*s + 1656. What is c(5)?
46
Let v(r) = -r**3 + 44*r**2 - 46*r + 365. Determine v(43).
236
Let g(r) = -r**3 - 38*r**2 - 210*r + 1643. Calculate g(-29).
164
Let b(d) = -2466*d - 369909. Calculate b(-150).
-9
Let z(c) = 130*c + 7701. Give z(-59).
31
Let i(d) = 5*d**2 - 2466*d - 12272. Give i(-5).
183
Let i(w) = 7*w**3 + 58*w**2 + 2*w - 17. Calculate i(-8).
95
Let v(w) = -2*w**2 - 66376*w - 4570421. What is v(-69)?
1
Let o(b) = 743*b - 7283. Calculate o(7).
-2082
Let t(y) = y**3 - 52*y**2 + 193*y + 1908. Calculate t(47).
-66
Let r(d) = -6*d**3 + 20*d**2 + 44*d - 148. Calculate r(4).
-36
Let d(v) = -36*v**2 - 305*v + 18769. Give d(19).
-22
Let s(y) = -2*y**2 - 3147*y - 25088. Give s(-8).
-40
Let u(q) = 5130*q - 15366. Give u(3).
24
Let g(m) = -m**3 - 6*m**2 - 1980*m - 11823. Determine g(-6).
57
Let m(y) = -y**3 + 229*y**2 - 639*y + 41987. Determine m(227).
-8
Let i(d) = -d**3 - d**2 + 730*d + 5409. What is i(-8)?
17
Let w(d) = 1208*d - 24229. Calculate w(20).
-69
Let r(v) = -8*v**3 - 1631*v**2 + 202*v - 320. What is r(-204)?
88
Let z(r) = 3*r**2 - 3241*r + 695503. Calculate z(785).
-7
Let o(u) = u**2 + 92610*u + 648215. Give o(-7).
-6
Let y(z) = 43884*z + 2984064. Give y(-68).
-48
Let k(p) = 70529*p - 282130. Give k(4).
-14
Let g(m) = 2*m**2 - 1192*m + 15148. Calculate g(13).
-10
Let h(q) = 4*q**3 - 5*q**2 - 83*q + 393. Give h(4).
237
Let c(s) = 24*s**2 + 303*s - 897. Give c(3).
228
Let h(y) = 600*y - 25397. What is h(42)?
-197
Let t(i) = 40*i**2 - 891*i - 895. Give t(-1).
36
Let h(m) = 5462*m - 4811. Give h(1).
651
Let o(x) = -4*x**2 + 128*x + 2465. What is o(-15)?
-355
Let u(o) = -11517*o - 2787121. Give u(-242).
-7
Let n(d) = -2002*d**2 + 8051*d - 16. Calculate n(4).
156
Let i(q) = 20499*q + 3771808. Determine i(-184).
-8
Let g(i) = 409*i**2 - 708*i - 219. Give g(2).
1
Let k(w) = w**2 - 81870*w + 573050. Give k(7).
9
Let y(i) = -685299*i + 1370590. Give y(2).
-8
Let a(g) = -4609*g - 32269. Calculate a(-7).
-6
Let d(s) = 3*s**2 + 736*s + 40059. Determine d(-164).
43
Let i(b) = 16*b - 107. What is i(-7)?
-219
Let n(s) = 6*s**3 - 1162*s**2 - 379*s - 779. Calculate n(194).
967
Let u(w) = -1962*w - 11486. Calculate u(-6).
286
Let p(w) = w**2 - 20634*w + 1049749. Calculate p(51).
16
Let x(y) = -8660*y - 16637. Give x(-2).
683
Let u(w) = w**3 + w**2 + 26*w + 206. What is u(0)?
206
Let p(r) = 432*r - 38910. What is p(90)?
-30
Let r(x) = -7267*x - 4004141. Determine r(-551).
-24
Let y(w) = -2337*w + 76637. What is y(33)?
-484
Let r(f) = 6*f**2 - 162*f + 1065. What is r(12)?
-15
Let y(l) = -139*l**2 + 14452*l + 392. Give y(104).
-24
Let k(d) = 24*d**2 + 5986*d + 8400. Calculate k(-248).
-32
Let l(w) = w**3 + 11*w**2 + 103*w + 807. Determine l(-9).
42
Let a(x) = -4*x**2 + 42*x + 329. Give a(11).
307
Let b(m) = 515*m**2 + 401172*m - 10134. What is b(-779)?
-7
Let x(b) = -b**3 - 34*b**2 + 12*b + 657. What is x(-34)?
249
Let p(f) = 7*f**2 + 501*f + 3576. Give p(-72).
3792
Let l(m) = -5*m**2 - 681*m - 9249. Determine l(-121).
-53
Let b(v) = -11*v**2 + 728*v - 1483. Give b(64).
53
Let m(x) = -x**2 - 203*x - 8847. Determine m(-71).
525
Let a(p) = 2*p**3 - 35*p**2 - 102*p + 261. Determine a(21).
1206
Let q(y) = -13*y**2 - 38*y + 516. What is q(6)?
-180
Let r(q) = -q**3 - 10*q**2 - 172*q - 2470. Give r(-13).
273
Let u(z) = -1631*z - 649132. Calculate u(-398).
6
Let g(i) = 23138*i + 1133764. Give g(-49).
2
Let y(l) = -2*l**2 - 20859*l - 83425. Give y(-4).
-21
Let d(c) = c**3 - 1159*c**2 + 18390*c - 116577. Calculate d(1143).
9
Let i(s) = 3*s**2 + 1243*s + 121269. Give i(-158).
-233
Let v(h) = -3*h**3 - 483*h**2 + 494*h + 1292. Calculate v(-162).
-4
Let v(z) = -z**3 + 398*z**2 - 4271*z + 151713. What is v(388)?
5
Let a(v) = -4602*v + 22140. Calculate a(5).
-870
Let k(l) = -310335*l + 1861963. Calculate k(6).
-47
Let d(o) = -3822*o**2 + 156703*o - 132. What is d(41)?
-91
Let i(d) = -13*d**2 - 605*d + 729. Calculate i(-47).
447
Let o(q) = -q**3 - 4*q**2 - 64*q - 583. Determine o(-7).
12
Let u(s) = 44*s**2 + 578*s + 1501. Determine u(-14).
2033
Let n(m) = 1965*m + 2271630. Give n(-1156).
90
Let l(o) = 195*o + 20231. Calculate l(-100).
731
Let d(c) = 3*c**2 - 73*c + 673. Calculate d(11).
233
Let n(l) = -2848*l - 27876. Calculate n(-10).
604
Let n(b) = 258*b**3 + 317*b**2 + 70*b + 3. Give n(-1).
-8
Let d(t) = -31*t + 693. Determine d(23).
-20
Let p(c) = -45298*c + 14948356. Give p(330).
16
Let w(u) = -3*u**3 + 44*u**2 - 6*u + 39. Give w(14).
347
Let q(j) = j**3 - 28*j**2 - 405*j - 701. What is q(39)?
235
Let i(f) = 2*f**3 + 121*f**2 + 1198*f - 14861. Give i(-42).
91
Let c(o) = -o**3 - 27*o**2 - 224*o - 586. Determine c(-6).
2
Let y(i) = 36*i**2 + 186*i - 35660. Determine y(29).
10
Let p(f) = f**3 + 388*f**2 - 2432*f + 372. What is p(6)?
-36
Let f(v) = -2*v**3 - 1692*v**2 - 6698*v + 31996. What is f(-842)?
0
Let l(c) = 101531*c + 140. Determine l(0).
140
Let k(u) = -17*u**3 + 122*u**2 - 152*u + 34. What is k(1)?
-13
Let h(o) = 5851*o + 169721. What is h(-29)?
42
Let v(j) = 2784*j + 11437. Calculate v(-3).
3085
Let u(w) = w**2 - 895*w + 5310. Calculate u(6).
-24
Let t(